hat is the remainder when 12076 is divided by 290?
186
What is the remainder when 21291 is divided by 5273?
199
What is the remainder when 371678 is divided by 4313?
760
What is the remainder when 1273540 is divided by 27685?
30
Calculate the remainder when 2369208 is divided by 3731.
23
Calculate the remainder when 171855 is divided by 19070.
225
Calculate the remainder when 118660 is divided by 190.
100
What is the remainder when 872879 is divided by 5489?
128
Calculate the remainder when 390062820 is divided by 195031406.
8
Calculate the remainder when 2579854 is divided by 644955.
34
Calculate the remainder when 1582780 is divided by 323.
80
What is the remainder when 883389 is divided by 294202?
783
What is the remainder when 429432 is divided by 1209?
237
What is the remainder when 25517194 is divided by 36?
34
What is the remainder when 4800742 is divided by 2400367?
8
Calculate the remainder when 2180958 is divided by 11853.
6
Calculate the remainder when 460504 is divided by 2518.
2228
Calculate the remainder when 9263 is divided by 1513.
185
Calculate the remainder when 7524992 is divided by 43.
35
What is the remainder when 934991 is divided by 6453?
5759
Calculate the remainder when 583031074 is divided by 2177.
2173
What is the remainder when 1187466291 is divided by 404?
403
Calculate the remainder when 2972975 is divided by 424710.
5
Calculate the remainder when 1260004135 is divided by 270.
265
What is the remainder when 5855122 is divided by 16825?
22
What is the remainder when 13991642 is divided by 1554606?
188
Calculate the remainder when 395704 is divided by 14132.
8
What is the remainder when 194850 is divided by 141?
129
What is the remainder when 1576100 is divided by 3882?
8
What is the remainder when 268194 is divided by 4190?
34
Calculate the remainder when 228902 is divided by 2697.
2354
What is the remainder when 1191789 is divided by 1954?
1803
Calculate the remainder when 15194 is divided by 992.
314
Calculate the remainder when 421859 is divided by 2950.
9
What is the remainder when 402287 is divided by 224?
207
Calculate the remainder when 254436 is divided by 1506.
1428
What is the remainder when 1495282 is divided by 523?
25
Calculate the remainder when 43033654 is divided by 3171.
13
Calculate the remainder when 14667 is divided by 2312.
795
Calculate the remainder when 96503088 is divided by 49086.
12
Calculate the remainder when 92036934 is divided by 30916.
2
What is the remainder when 806537069 is divided by 173?
170
Calculate the remainder when 61944 is divided by 61785.
159
Calculate the remainder when 2596860 is divided by 6817.
6400
What is the remainder when 115612827 is divided by 473823?
15
Calculate the remainder when 12740259 is divided by 12466.
7
Calculate the remainder when 5206211 is divided by 1917.
1556
Calculate the remainder when 26386 is divided by 8379.
1249
Calculate the remainder when 192308188 is divided by 186.
184
Calculate the remainder when 5852655 is divided by 97.
63
Calculate the remainder when 102279 is divided by 51022.
235
What is the remainder when 1309366 is divided by 25?
16
What is the remainder when 444715 is divided by 444036?
679
Calculate the remainder when 9010 is divided by 2149.
414
What is the remainder when 102134963 is divided by 2733?
20
What is the remainder when 7053 is divided by 98?
95
What is the remainder when 4009629 is divided by 22?
19
Calculate the remainder when 300227 is divided by 729.
608
Calculate the remainder when 749424 is divided by 149879.
29
Calculate the remainder when 5137764 is divided by 61.
39
Calculate the remainder when 31752107 is divided by 8.
3
What is the remainder when 288955 is divided by 26268?
7
Calculate the remainder when 4308863 is divided by 12.
11
Calculate the remainder when 59256666 is divided by 76.
74
Calculate the remainder when 9901 is divided by 1164.
589
Calculate the remainder when 27362607 is divided by 810.
807
What is the remainder when 116000 is divided by 137?
98
Calculate the remainder when 500684 is divided by 1407.
1199
What is the remainder when 7539480 is divided by 16?
8
Calculate the remainder when 112014 is divided by 882.
0
Calculate the remainder when 5569219 is divided by 618802.
1
Calculate the remainder when 24428 is divided by 2665.
443
What is the remainder when 9072339 is divided by 2103?
2100
Calculate the remainder when 1389302 is divided by 5670.
152
What is the remainder when 34927081 is divided by 43?
30
Calculate the remainder when 1223489295 is divided by 762.
759
Calculate the remainder when 6923505 is divided by 649.
622
What is the remainder when 16539 is divided by 4090?
179
What is the remainder when 756 is divided by 517?
239
Calculate the remainder when 71899 is divided by 5968.
283
Calculate the remainder when 9451366 is divided by 149.
147
What is the remainder when 185807 is divided by 59776?
6479
Calculate the remainder when 17452 is divided by 11808.
5644
What is the remainder when 7477194 is divided by 15?
9
Calculate the remainder when 14694 is divided by 32.
6
What is the remainder when 21265010 is divided by 1250881?
33
Calculate the remainder when 5001931 is divided by 5976.
19
Calculate the remainder when 1195603 is divided by 239085.
178
Calculate the remainder when 344237 is divided by 343328.
909
What is the remainder when 93064370 is divided by 411?
407
Calculate the remainder when 20745 is divided by 20077.
668
Calculate the remainder when 20214612 is divided by 193.
178
What is the remainder when 449035 is divided by 3321?
700
What is the remainder when 746336 is divided by 5123?
3501
What is the remainder when 93960 is divided by 30358?
2886
What is the remainder when 2088868 is divided by 2826?
454
What is the remainder when 5020413 is divided by 8?
5
Calculate the remainder when 2257859 is divided by 121.
120
What is the remainder when 15995224 is divided by 133?
112
What is the remainder when 445307 is divided by 26077?
1998
Calculate the remainder when 316421 is divided by 847.
490
What is the remainder when 919948 is divided by 3097?
139
Calculate the remainder when 1867187 is divided by 18487.
0
Calculate the remainder when 183596 is divided by 91545.
506
Calculate the remainder when 30784540 is divided by 203.
199
Calculate the remainder when 35065 is divided by 17233.
599
Calculate the remainder when 2009580 is divided by 4456.
4380
Calculate the remainder when 271456 is divided by 38769.
73
What is the remainder when 21366 is divided by 18012?
3354
Calculate the remainder when 94879 is divided by 1482.
31
What is the remainder when 5798743 is divided by 5798729?
14
Calculate the remainder when 16286245 is divided by 1628623.
15
What is the remainder when 8563151 is divided by 8529?
35
What is the remainder when 608866 is divided by 67?
37
Calculate the remainder when 98140 is divided by 196.
140
What is the remainder when 1836064 is divided by 10144?
0
What is the remainder when 64645 is divided by 3598?
3479
What is the remainder when 25849408 is divided by 29?
26
What is the remainder when 110846 is divided by 36927?
65
What is the remainder when 690583 is divided by 13?
10
What is the remainder when 1982526 is divided by 10893?
0
What is the remainder when 237783 is divided by 78464?
2391
What is the remainder when 2546177 is divided by 282?
281
What is the remainder when 2606558 is divided by 69?
14
What is the remainder when 31696613 is divided by 21710?
13
What is the remainder when 7005712 is divided by 280228?
12
What is the remainder when 32082908 is divided by 1917?
1913
What is the remainder when 29474969 is divided by 21129?
14
Calculate the remainder when 34180779 is divided by 326.
5
What is the remainder when 41018 is divided by 181?
112
What is the remainder when 27326 is divided by 734?
168
What is the remainder when 55107 is divided by 300?
207
What is the remainder when 54714638 is divided by 27357313?
12
What is the remainder when 130327 is divided by 26031?
172
What is the remainder when 9714577 is divided by 30358?
17
What is the remainder when 163591 is divided by 45?
16
What is the remainder when 463539 is divided by 46336?
179
Calculate the remainder when 186577161 is divided by 70.
1
Calculate the remainder when 11401